5*w + 74 = -71. Suppose 2*s = -4*h + 30, 2*s + 21 = 4*h + s. Let l = w - h. Is l composite?
False
Let k be (-1 + 6)*(-1 - -2). Suppose k*m - 4 = 6. Is (91/(-2))/((-1)/m) a composite number?
True
Suppose 3*f + 802 = 2455. Is f a prime number?
False
Suppose -m + 4*h - 143 = -4*m, 0 = 3*m + 2*h - 145. Is m prime?
False
Let h = 294 - 106. Suppose 5*t + 5*v = 785, 2*t - 5*v - 179 = 100. Suppose -h - t = -4*r. Is r composite?
True
Let w(d) = -29*d - 2. Let p(u) = u. Let h(v) = 2*p(v) + w(v). Is h(-5) prime?
False
Suppose 0 = 5*l - l - 52. Suppose 3*k - l = 2. Suppose -k*p + 61 = q, -3*q + 3*p = -4*q + 57. Is q composite?
True
Let t = 10 + -7. Suppose 2*d = d + 4*v + 65, -d - t*v + 65 = 0. Is d a prime number?
False
Suppose 0 = 5*o + 5*n - 100, n + 91 = 4*o + 36. Let a = o - 8. Let k = a + 7. Is k prime?
False
Let n be (3 - 0)*28/21. Suppose d + 44 = 5*d - q, n*d - 4*q - 44 = 0. Is d composite?
False
Let j = 7 - 8. Is 54/(-2 + 3) + j prime?
True
Suppose -4*h = w + 3*w - 8, 16 = 5*h - w. Let p(y) = 3 - 1 - h - 39*y - 1. Is p(-3) prime?
False
Let o = -9 - -17. Is o/12*318/4 prime?
True
Let i = -122 + 175. Is i prime?
True
Let n = 1066 + -695. Is n a composite number?
True
Suppose 4*q = 2*q. Suppose 4*m - 79 - 93 = q. Is m a prime number?
True
Let x(h) = -h - 1. Let v be x(-4). Suppose d - v - 17 = -p, 4*p - 4*d = 40. Is p a prime number?
False
Suppose -3*o + 2*r = -2*r + 16, 2*r - 8 = 2*o. Let g = o + 1. Is 1*36 + -3 + g a prime number?
False
Suppose -4*d + 2666 = w, 2*d + 4*w = 7*d - 3343. Is d a composite number?
True
Let y(g) = -20*g - 1. Let u(t) = -11*t - 2 - 8*t + 1. Let v(s) = -7*u(s) + 6*y(s). Is v(6) a composite number?
False
Suppose 0 = -d + 6*d - w - 241, 4*d - 196 = 4*w. Let h = d + -3. Suppose -l = -134 + h. Is l a prime number?
True
Let a = -4802 + 8005. Is a composite?
False
Let z(f) = 184*f**2 + 14*f + 31. Is z(-2) composite?
False
Let a be 1/((3 + -2)*-1). Let m be a - 8 - (0 + 0). Let j(r) = -5*r + 4. Is j(m) a prime number?
False
Let u(r) = r**3 + 11*r**2 + 9*r - 1. Let z(o) = -2*o + 20. Let j be z(14). Is u(j) a composite number?
True
Let y(m) = 8*m**2 - 7*m - 5. Is y(8) a composite number?
True
Let y(z) = -27*z**3 - 2*z**2 - 3*z + 1. Is y(-4) composite?
False
Let u = 11 - 101. Let k = 2 - u. Let s = -49 + k. Is s a composite number?
False
Let i(w) = 2*w - 10. Let a be 2/4 - 4/(-8). Let o(z) = 7*z**2. Let b be o(a). Is i(b) a prime number?
False
Let h be (-31)/(-11) + 6/33. Suppose 0*o - o = -h*y + 63, -5*y + 5*o = -105. Is y composite?
True
Is 49*1 + 2/4*-6 composite?
True
Suppose -y = 2*y - 114. Suppose -3*m = -3*p - 264, 3*m + p - 234 - y = 0. Suppose 0*w = -2*w + 5*k + 85, -4*k - m = -2*w. Is w prime?
False
Let q be (-1)/2*(-1 - -1). Suppose 2*z + 3*z - 655 = q. Is z prime?
True
Let a(i) = 5*i**2 - 15*i + 33. Is a(15) a prime number?
False
Suppose 1 = -k + 4. Suppose -2*p - 253 = -5*v, -2*p - 192 = -4*v - k*p. Is v prime?
False
Let p(j) = 26*j. Let f be p(1). Suppose 3*d - 43 - f = 0. Is d composite?
False
Let n(k) = k**3 - k**2 - k - 2. Let b be n(2). Let p = b + 0. Suppose 4*y - 3*y - 25 = p. Is y composite?
True
Suppose b + 3*b - 24 = 0. Suppose -b*f + 110 = -f. Is f a composite number?
True
Let h(l) be the first derivative of -l**3/3 + 8*l**2 - 13*l - 7. Is h(10) prime?
True
Let g(y) = -5*y + 13. Let v be g(-10). Let l = 102 - v. Is l a composite number?
True
Is (23388/18)/((-2)/(-3)) a prime number?
True
Let f(s) = 2*s + 365. Let c be f(0). Suppose -340 = -5*h + c. Is h composite?
True
Let l = 20 + -18. Suppose s + 3*i - 153 = 0, 422 = 4*s + l*i - 210. Is s a prime number?
False
Let x = 120 - 65. Is x prime?
False
Suppose u - 3*u = -544. Suppose 2*w + 18 = u. Is w a prime number?
True
Let q(s) = -10*s**3 + s**2 + 3*s - 5. Let c be q(-5). Let j = c - 874. Is j composite?
True
Suppose 0 = o - 3*o + x + 4785, -4*x + 9600 = 4*o. Is o a prime number?
False
Suppose -99 = 2*b - 371. Suppose b + 95 = 3*d. Is d prime?
False
Let o(j) = 294*j - 2 + 2 - 1. Is o(1) a composite number?
False
Suppose 0 = 5*o + 10, 12 = 2*h + h - 3*o. Let q be ((-2)/5)/(3/(-270)). Suppose -h*r - q = -358. Is r a composite number?
True
Suppose m - 3*f = -m - 372, m - 4*f = -196. Suppose 0 = 5*k + 459 + 1186. Let i = m - k. Is i composite?
False
Suppose -5*q - 346 = 394. Let h(j) = -9*j**3 + j - 1. Let u be h(2). Let a = u - q. Is a composite?
True
Suppose -2*l = -0*l - 70. Suppose 3*i + l = 4*i. Is i prime?
False
Let p = 100 - 2. Suppose 2*r = -m - 8 + 206, 5*m - 978 = 2*r. Suppose 2*q + 4*j - p = 0, m = 3*q + 2*j + 41. Is q prime?
True
Let m(l) be the first derivative of -2 - 6*l - 2*l**3 - 1/4*l**4 + 4*l**2. Is m(-8) composite?
True
Suppose 5*i - 4*g + 12 = 4*i, -5*i + 5*g - 15 = 0. Suppose h - 20 - 14 = i. Is h prime?
False
Suppose -o + 4*o = 357. Is o prime?
False
Let u(g) = -g**3 + 10*g**2 - 9*g. Let d be u(9). Is d + 147/(9/3) a prime number?
False
Let x(n) = -3*n + n**3 - 3*n**3 - 3*n**2 + 3*n**3. Let d = 8 - 3. Is x(d) a composite number?
True
Let s(x) = -x + 3. Let r be s(-4). Suppose -2*u + r*u = -l + 736, 3*u = -9. Is l a prime number?
True
Suppose -3*f + 0*s = -s - 4, 20 = 4*f - 5*s. Suppose -2*b - 3*b - 5 = 0, 4*t + 5*b - 11 = f. Suppose -4*p + t*w + 26 + 30 = 0, 2*w + 15 = p. Is p prime?
True
Let c(a) = -108*a - 1. Is c(-2) prime?
False
Let n be 35/(-5)*6/(-7). Suppose -n = -3*z + 3. Is z a composite number?
False
Suppose -k + 14600 = 4*b, 3*b = k - 3*k + 10955. Is b composite?
True
Let m = 4983 - 2769. Is 8/(-20) - m/(-10) a prime number?
False
Let m(a) = -a**3 + 11*a**2 - 5*a - 6. Let t be m(8). Let k = t - 63. Is k prime?
True
Suppose -2*a - 8 = 0, 2*n - a = -2*n + 480. Let l = n - 32. Is l prime?
False
Let c be (5688/32)/((-6)/16). Let r = c - -821. Is r composite?
False
Let k(a) = 2*a**2 + 3*a + 8. Is k(-10) prime?
False
Suppose 0 = 2*r + 10, -2*i + 5*r + 950 = 3*i. Is i composite?
True
Let h = 0 - -4. Is (122 - h)*(-2)/(-4) composite?
False
Let w = 6 + 0. Is 135 + 7/((-21)/w) a composite number?
True
Let i = -22 + 13. Is (-690)/(-54) + (-2)/i prime?
True
Suppose -3*z - 68 = 4. Let f = z - -73. Is f composite?
True
Let l(y) = y**2 + 9*y + 2. Let x be l(-5). Let h be ((-312)/x)/((-2)/(-3)). Suppose 0 = -2*o + g + 93, -5*g + 2 = -o + h. Is o composite?
True
Suppose g - 5*a + 370 = 0, 4*a = -4*g + 61 - 1469. Is g/(-10) + (-2)/4 prime?
False
Let c(x) = -3 + 2 - 4*x + x**2 + 0. Let z be c(6). Suppose -f + 7 = b - z, -3*f - 2*b + 51 = 0. Is f a prime number?
False
Suppose 5*l + 42 = -8. Let o(x) be the third derivative of x**5/60 + x**4/24 + 13*x**3/6 - 3*x**2. Is o(l) prime?
True
Suppose -r + 3*r = -2. Is (r + 8 + -2)*11 prime?
False
Let u = -2198 - -5013. Is u prime?
False
Let p = 5 + -9. Let o(w) = -7 + 16 - 6 - 8*w. Is o(p) prime?
False
Let o(k) = -83*k**2 + 4*k - 2. Suppose 4*s = -5*u + 8, -s = -u + 2*u - 2. Let b be o(s). Is (b/2)/(-3 - -2) a composite number?
False
Let d(n) = -4*n - 4. Let u be d(-3). Suppose l = 3*i + 158, u*i = -2*l + 3*i + 327. Is l a prime number?
False
Suppose 11*u = 15*u - 508. Is u prime?
True
Let h(r) = r**2 + 11*r - 2. Is h(-12) composite?
True
Let a(t) = -2*t - 3. Let p be a(-2). Suppose -3*k = -5*o - 177, 5*k - p = 19. Is (o/(-6))/(1/2) a composite number?
False
Let o(i) = i - 6. Let u be o(6). Suppose u = -2*d - 3*q - 2*q + 38, 5*d = 4*q + 29. Suppose -l + d + 28 = 0. Is l a prime number?
True
Let s(k) = k + 3. Let h be s(7). Suppose 4*j + 3*l + 2*l = -2, 0 = -4*j + l + h. Suppose -4*o = 2*y - 218, -3*o + y + 162 = j*y. Is o a prime number?
True
Suppose 2 - 8 = -2*j. Suppose 0 = -j*o - 0*z + 3*z + 198, -4*o + z = -279. Suppose 3*r - o = 94. Is r prime?
False
Is -2 + 1 - (-7)/(42/9948) a prime number?
True
Let v(g) = -g**2 + 4*g + 7. Let x be v(5). Suppose x*q = 2*r + 6*q - 14, 5*q - 20 = 0. Is -14*((-1)/(-2))/r composite?
False
Let z(c) = c**2 - 9*c + 5. Let f be z(9). Suppose f*t = -2*v + 95, -3*v - 5*t + t = -153. Is v a composite number?
True
Let f = 165 + 86. Is f a prime number?
True
Let q be (-4)/(-10)*5/1. Suppose z + z - 3*p = q, 2*p + 27 = 5*z. Is (-15)/(-1) + (6 - z) composite?
True
Suppose -4*p = a - 1483, -217 + 955 = 2*p + 4*a. Is p prime?
False
Let r(s) = 1612*s**2 - 2*s - 3. Is r(-2) composite?
False
Suppose 2*z - 5*z - 27 = -3*g, 6 = -3*z. Let k(m) = 7*m - 17. Let y(d) = -8*d + 17. Let i(